{"id":130,"date":"2012-11-19T09:35:05","date_gmt":"2012-11-19T08:35:05","guid":{"rendered":"http:\/\/eduacero.com\/revista\/?page_id=130"},"modified":"2018-03-08T11:57:48","modified_gmt":"2018-03-08T11:57:48","slug":"cuerpo-editorial","status":"publish","type":"page","link":"https:\/\/revista.eduacero.upc.edu\/?page_id=130","title":{"rendered":"Cuerpo editorial"},"content":{"rendered":"<h1>Editores en jefe<\/h1>\n<p>Dr. Enrique Mirambell Arrizabalaga, Catedr\u00e1tico de Universidad*<\/p>\n<p>Dra. Esther Real Saladrigas, Profesora Titular de Universidad*<\/p>\n<p>Dr. Rolando Chac\u00f3n Flores, Profesor Agregado*<\/p>\n<p>&nbsp;<\/p>\n<h1>Cuerpo editorial<\/h1>\n<p>ICCP Itsaso Arrayago Luquin, Investigadora.*<\/p>\n<p>ICCP Adri\u00e1 Jim\u00e9nez, Estudiante de Doctorado. *<\/p>\n<p>MSc. Civil Engineer. Yanfei Shen. Estudiante de Doctorado.*<\/p>\n<p>&nbsp;<\/p>\n<p>&nbsp;<\/p>\n<p>&nbsp;<\/p>\n<div style=\"text-align: center; font-size: small;\">\n<p>*Departamento de Ingenier\u00eda Civil y Ambiental<\/p>\n<p>Escuela T\u00e9cnica Superior de Ingenieros de Caminos, Canales y Puertos de Barcelona<\/p>\n<p>UPC. BarcelonaTech<\/p>\n<\/div>\n<p>&nbsp;<\/p>\n<p>&nbsp;<\/p>\n<p>&nbsp;<\/p>\n<pre>Dise\u00f1o web: Carlos Villagrasa y Rolando Chac\u00f3n 2012<\/pre>\n<p>&nbsp;<\/p>\n","protected":false},"excerpt":{"rendered":"<p>Editores en jefe Dr. Enrique Mirambell Arrizabalaga, Catedr\u00e1tico de Universidad* Dra. Esther Real Saladrigas, Profesora Titular de Universidad* Dr. Rolando Chac\u00f3n Flores, Profesor Agregado* &nbsp; Cuerpo editorial ICCP Itsaso Arrayago Luquin, Investigadora.* ICCP Adri\u00e1 Jim\u00e9nez, Estudiante de Doctorado. * MSc. Civil Engineer. Yanfei Shen. Estudiante de Doctorado.* &nbsp; &nbsp; &nbsp; &#8230;<\/p>\n","protected":false},"author":4,"featured_media":0,"parent":0,"menu_order":3,"comment_status":"closed","ping_status":"closed","template":"","meta":{"footnotes":"","_links_to":"","_links_to_target":""},"class_list":["post-130","page","type-page","status-publish","hentry","column","threecol"],"_links":{"self":[{"href":"https:\/\/revista.eduacero.upc.edu\/index.php?rest_route=\/wp\/v2\/pages\/130","targetHints":{"allow":["GET"]}}],"collection":[{"href":"https:\/\/revista.eduacero.upc.edu\/index.php?rest_route=\/wp\/v2\/pages"}],"about":[{"href":"https:\/\/revista.eduacero.upc.edu\/index.php?rest_route=\/wp\/v2\/types\/page"}],"author":[{"embeddable":true,"href":"https:\/\/revista.eduacero.upc.edu\/index.php?rest_route=\/wp\/v2\/users\/4"}],"replies":[{"embeddable":true,"href":"https:\/\/revista.eduacero.upc.edu\/index.php?rest_route=%2Fwp%2Fv2%2Fcomments&post=130"}],"version-history":[{"count":4,"href":"https:\/\/revista.eduacero.upc.edu\/index.php?rest_route=\/wp\/v2\/pages\/130\/revisions"}],"predecessor-version":[{"id":788,"href":"https:\/\/revista.eduacero.upc.edu\/index.php?rest_route=\/wp\/v2\/pages\/130\/revisions\/788"}],"wp:attachment":[{"href":"https:\/\/revista.eduacero.upc.edu\/index.php?rest_route=%2Fwp%2Fv2%2Fmedia&parent=130"}],"curies":[{"name":"wp","href":"https:\/\/api.w.org\/{rel}","templated":true}]}}