{"id":135,"date":"2012-11-19T09:38:52","date_gmt":"2012-11-19T08:38:52","guid":{"rendered":"http:\/\/eduacero.com\/revista\/?page_id=135"},"modified":"2020-01-30T12:06:54","modified_gmt":"2020-01-30T12:06:54","slug":"instrucciones","status":"publish","type":"page","link":"https:\/\/revista.eduacero.upc.edu\/?page_id=135","title":{"rendered":"Instrucciones"},"content":{"rendered":"<h1>Forma&nbsp;y preparaci\u00f3n de manuscritos<\/h1>\n<p style=\"text-align: justify;\">Los autores de los art\u00edculos deben entregar toda la documentaci\u00f3n por separado. Para cada unos de ellos, se suministra una plantilla base. Asimismo, se suministra una r\u00fabrica de auto-evaluaci\u00f3n que permite a los autores comprobar sistem\u00e1ticamente si se cumplen los requisitos de forma que debe tener la publicaci\u00f3n. El no cumplimiento de dichos requisitos de forma ser\u00e1 motivo de rechazo de los art\u00edculos.<\/p>\n<p>A continuaci\u00f3n se describe la documentaci\u00f3n a entregar:<\/p>\n<p>&nbsp;<\/p>\n<div style=\"float: left;\"><img decoding=\"async\" src=\"https:\/\/eduacero.upc.edu\/revista\/img\/1-resumen.png\" alt=\"\"><\/div>\n<div>\n<h3>1. Resumen, palabras claves y datos biogr\u00e1ficos<\/h3>\n<\/div>\n<div>\n<p style=\"text-align: justify;\">Las instrucciones se pueden descargar <a href=\"https:\/\/eduacero.upc.edu\/revista\/files\/plantilla_resumen.pdf\" target=\"_blank\" rel=\"noopener noreferrer\">en el siguiente enlace<\/a>.<\/p>\n<\/div>\n<p>&nbsp;<\/p>\n<div style=\"float: left;\"><img decoding=\"async\" src=\"https:\/\/eduacero.upc.edu\/revista\/img\/2-abstract.png\" alt=\"\"><\/div>\n<div>\n<h3>2. Graphical Abstract<\/h3>\n<\/div>\n<div>\n<p style=\"text-align: justify;\">Resumen gr\u00e1fico. Puede ser una figura, una tabla, una infograf\u00eda, un video o cualquier otro material audiovisual producido por los autores que debe acompa\u00f1ar al resumen en la entrada del blog. El graphical abstract debe ser atractivo para la navegaci\u00f3n web ya que es la puerta de entrada a cada art\u00edculo.<\/p>\n<\/div>\n<p>&nbsp;<\/p>\n<div style=\"float: left;\"><img decoding=\"async\" src=\"https:\/\/eduacero.upc.edu\/revista\/img\/3-manuscrito.png\" alt=\"\"><\/div>\n<div>\n<h3>3. Manuscrito<\/h3>\n<\/div>\n<div>\n<p style=\"text-align: justify;\">Los autores deben suministrar sus art\u00edculos en formato WORD de acuerdo con la plantilla que se facilita. Se recomienda a los autores descargar el <a href=\"https:\/\/eduacero.upc.edu\/revista\/files\/Instrucciones.docx\">archivo base<\/a> y actuar sobre el mismo.<\/p>\n<\/div>\n<p>&nbsp;<\/p>\n<div style=\"float: left;\"><img decoding=\"async\" src=\"https:\/\/eduacero.upc.edu\/revista\/img\/4-aceptacion.png\" alt=\"\"><\/div>\n<div>\n<h3>4. Aceptaci\u00f3n<\/h3>\n<\/div>\n<div>\n<p style=\"text-align: justify;\">Al enviar los art\u00edculos, los autores aceptan las condiciones de publicaci\u00f3n establecidas en <a href=\"https:\/\/eduacero.upc.edu\/revista\/?page_id=137\">el C\u00f3digo de Honor<\/a>.<\/p>\n<\/div>\n\n\n<p><\/p>\n","protected":false},"excerpt":{"rendered":"<p>Forma&nbsp;y preparaci\u00f3n de manuscritos Los autores de los art\u00edculos deben entregar toda la documentaci\u00f3n por separado. Para cada unos de ellos, se suministra una plantilla base. Asimismo, se suministra una r\u00fabrica de auto-evaluaci\u00f3n que permite a los autores comprobar sistem\u00e1ticamente si se cumplen los requisitos de forma que debe tener &#8230;<\/p>\n","protected":false},"author":4,"featured_media":0,"parent":0,"menu_order":4,"comment_status":"closed","ping_status":"closed","template":"","meta":{"footnotes":"","_links_to":"","_links_to_target":""},"class_list":["post-135","page","type-page","status-publish","hentry","column","threecol"],"_links":{"self":[{"href":"https:\/\/revista.eduacero.upc.edu\/index.php?rest_route=\/wp\/v2\/pages\/135","targetHints":{"allow":["GET"]}}],"collection":[{"href":"https:\/\/revista.eduacero.upc.edu\/index.php?rest_route=\/wp\/v2\/pages"}],"about":[{"href":"https:\/\/revista.eduacero.upc.edu\/index.php?rest_route=\/wp\/v2\/types\/page"}],"author":[{"embeddable":true,"href":"https:\/\/revista.eduacero.upc.edu\/index.php?rest_route=\/wp\/v2\/users\/4"}],"replies":[{"embeddable":true,"href":"https:\/\/revista.eduacero.upc.edu\/index.php?rest_route=%2Fwp%2Fv2%2Fcomments&post=135"}],"version-history":[{"count":2,"href":"https:\/\/revista.eduacero.upc.edu\/index.php?rest_route=\/wp\/v2\/pages\/135\/revisions"}],"predecessor-version":[{"id":856,"href":"https:\/\/revista.eduacero.upc.edu\/index.php?rest_route=\/wp\/v2\/pages\/135\/revisions\/856"}],"wp:attachment":[{"href":"https:\/\/revista.eduacero.upc.edu\/index.php?rest_route=%2Fwp%2Fv2%2Fmedia&parent=135"}],"curies":[{"name":"wp","href":"https:\/\/api.w.org\/{rel}","templated":true}]}}